et d be t - (0/2 + -68). What is the greatest common divisor of m and d?
10
Suppose 3*j - 41 = 4*u, 2*u + 27 + 11 = 4*j. Let l(q) = -q**3 + 7*q**2 + 3*q. Let x be l(j). What is the highest common factor of x and 147?
21
Let f(y) be the first derivative of -9*y**2/2 + 3*y + 9. Let k be f(-2). What is the highest common divisor of k and 147?
21
Suppose -24703 = -74*b + 51887. What is the greatest common divisor of b and 45?
45
Let p(n) = 3*n**2 - 16*n + 7. Let l be p(5). Suppose -55 = m - l*m. Let j be (44/(-6))/(4/(-6)). What is the highest common divisor of j and m?
11
Let s be -33*10/(-2 - 0). Let y = 22 - 18. Let z be 57/y + 3/4. Calculate the greatest common divisor of s and z.
15
Let b = -798 + 804. Let u(m) = 1 - 66*m + 0 + 13*m. Let w be u(-1). What is the highest common factor of w and b?
6
Suppose -7*c + 63 - 49 = 0. Calculate the greatest common divisor of 26 and c.
2
Suppose 967*h = 965*h + 216. What is the greatest common divisor of h and 1404?
108
Let i be 1*2/((-2)/(-7)). Let w = -12 + 26. Calculate the highest common divisor of w and i.
7
Suppose -5*x + 3*d + 104 = -307, 0 = -3*x - d + 241. What is the highest common divisor of 27 and x?
27
Let j = -83 - -93. Let z = j - -30. Calculate the highest common divisor of z and 10.
10
Let a be -2*(10 + 6/(-2)). Let t be (-2)/(-7) + (-38)/a. Suppose t*k - 40 = -k. What is the highest common factor of 2 and k?
2
Let t be 6 + -3*(625/15)/(-5). Calculate the greatest common divisor of t and 341.
31
Let y be (-19 + -51)*10/4*-1. Calculate the highest common divisor of y and 105.
35
Let v be (75/(-10) + 0)*64/(-5). What is the greatest common factor of 32 and v?
32
Let b(l) = 2*l**2 - 2*l. Let u be b(2). Let n be 7/(21/72)*484/363. Calculate the highest common divisor of n and u.
4
Let k be (-3)/2 + 3 + 50325/30. Calculate the highest common factor of 23 and k.
23
Let w = -8 - -29. Let n(h) = -2*h**2 - 50*h - 6. Let b be n(-24). What is the highest common factor of w and b?
21
Suppose 4*g - 30 = 2*f, -3*g - 60 = 4*f - 2*g. Let b be (-6 - -1)/f + 16/6. What is the greatest common factor of b and 1?
1
Let v = 193 - 124. Suppose -45 = 2*h - v. What is the greatest common divisor of 6 and h?
6
Suppose -3*d - 3*y - 51 = 0, 0*d - 2*y + 46 = -2*d. Let j = 8 - d. What is the highest common divisor of j and 14?
14
Let x = -52 + 46. Let l be 4/x - (-860)/30. Calculate the highest common divisor of 112 and l.
28
Let d = -2136 - -2422. Calculate the highest common divisor of d and 198.
22
Suppose 7*x = -13*x + 3180. Calculate the highest common factor of x and 3.
3
Let h = 27 + -15. Suppose 3*n + h = 0, -3*n = -t + 33 + 34. Suppose -5*s = -2*i + 7*i - 120, -3*i = 2*s - 50. Calculate the highest common factor of t and s.
11
Suppose -6*j - 2 - 28 = 0. Let d(q) = 3*q**2 + 8*q - 9. Let r be d(j). What is the highest common divisor of r and 26?
26
Suppose -184 = -6*m + 32. What is the greatest common divisor of 24 and m?
12
Let p = 213 + -129. Suppose 5*q - 2*m = 144, q - 3*m = -14 + 48. Calculate the greatest common divisor of q and p.
28
Let f be 4 - (0 + 0 + 1). Let b(x) = -x**3 - 5*x**2 + 10*x - 13. Let g be b(-7). Calculate the greatest common factor of g and f.
3
Let x = 20 - 20. Let d be 3 + (2 - (-2 - x)). Calculate the highest common factor of 77 and d.
7
Suppose -550*v + 538*v = -11232. What is the greatest common divisor of v and 216?
72
Let w = 29 + -4. Calculate the highest common divisor of 175 and w.
25
Suppose -3*y + 2*y = -0*y. Suppose -4*m + 23 = r, 4*r - 3*m + 2*m - 58 = y. Let f be ((-60)/14)/(3/(-42)). What is the highest common factor of f and r?
15
Let l = 168 + -104. Suppose -4*a + 134 - 102 = 0. Calculate the greatest common divisor of l and a.
8
Let y(x) = x - 2. Let u be y(4). Suppose -u*s = 3*s - 95. Suppose 5*g - 4*g + 4*t = 45, -g + 69 = -4*t. Calculate the greatest common divisor of g and s.
19
Let d(q) = q**2 - 39*q + 381. Let l be d(23). Suppose 13 = -4*x + 65. What is the greatest common divisor of l and x?
13
Suppose 0 = -64*h + 66*h - 836. Calculate the highest common factor of 44 and h.
22
Let l be 103*(-2 - -9)*(-65)/(-35). What is the greatest common divisor of 13 and l?
13
Let p be (-1)/7 - (-380)/14. Let f be (2*p/(-10))/((-2)/10). Calculate the greatest common divisor of 9 and f.
9
Let d be (-3204)/(-21) - 76/133. Let g be 9*(1 - (-2 + 2)). Let a = g + 10. What is the greatest common divisor of d and a?
19
Suppose f - 315 = -14*f. Calculate the highest common factor of 12 and f.
3
Suppose -25 = 4*f - 185. Suppose 2*y + 40 + f = 0. Let q be ((-30)/y)/((-2)/(-64)). What is the greatest common divisor of q and 16?
8
Suppose -2*p - 2*q - 16 = 2*q, 4*q + 34 = -5*p. Let m be 3 - p/(-2) - -90. Calculate the greatest common divisor of 18 and m.
18
Let y(h) = h**3 - 11*h**2 + 26*h - 46. Let n be y(13). Calculate the highest common divisor of n and 189.
63
Let d(j) = -2*j**2 - 5*j + 6. Let h be d(-4). Let c(q) = q**3 + 5*q**2 - 12*q - 4. Let t be c(h). What is the greatest common factor of t and 16?
16
Suppose -c + 10 = 2*b - 11, -6 = 3*b. Let y = c - -29. Let d be (-18)/y - (-818)/6. What is the greatest common factor of d and 17?
17
Suppose -7 + 73 = 6*r. Let u = -3 - -91. Calculate the greatest common factor of r and u.
11
Suppose -6*c - 5*y + 4*y = -113, -c + y + 13 = 0. Calculate the greatest common factor of c and 18.
18
Let f be 3*(-27 - (-6)/3). Let b = 86 + f. What is the greatest common factor of 77 and b?
11
Let g be 2/(-24) - (18965/(-60) + -5). Calculate the highest common divisor of g and 1177.
107
Let w(c) = -c**2 - 2*c + 2. Let o be w(-4). Let b(k) = 3*k**2 + 2*k + 3. Let p be b(o). Let a = -319 + 330. Calculate the greatest common factor of a and p.
11
Suppose 123 = 4*m - 5*g, -4*m - 3*g + 132 = g. Let b = -23 - -87. Calculate the highest common divisor of b and m.
32
Suppose 73 - 199 = -9*k. What is the greatest common factor of 2 and k?
2
Let j(p) = 87*p - 13. Let y be j(7). Suppose 0 = 9*x + y - 1982. Calculate the highest common factor of 22 and x.
22
Let s(w) be the second derivative of -w**4/12 - 4*w**3/3 + 11*w**2 - 14*w. Let g be s(-10). What is the highest common factor of 22 and g?
2
Let f = 35 - -16. Let n = f - 43. Calculate the greatest common divisor of n and 2.
2
Suppose -2*l + 0*l + 112 = 0. Suppose 29 - 9 = 4*y. Suppose -11*z = -y*z - 48. Calculate the highest common divisor of z and l.
8
Suppose -5*u + 5 = -4*q - q, 4*q + 5*u - 32 = 0. Let g be (q - 3 - 2)/(-2). Calculate the greatest common divisor of g and 8.
1
Let q = -7 + 11. Let z(x) = 2*x - 1. Let c be (1/(-2)*4)/(-2). Let a be z(c). What is the greatest common factor of a and q?
1
Let o = 27 + -25. Suppose 0 = -4*t + i + 87, -o*t + 14 = 3*i - 19. Calculate the highest common divisor of 28 and t.
7
Let x = -92 + 404. Let c = x - 34. Suppose 37 + c = 5*l. What is the highest common divisor of 7 and l?
7
Suppose 7*o - o = -102. Let y = o + 30. Suppose k = 29 + 10. What is the greatest common divisor of y and k?
13
Let t(n) = 2*n**3 - 3*n**2 + 9*n + 1. Let v be t(4). Suppose -v*j + 121*j - 72 = 0. What is the highest common divisor of 162 and j?
18
Let w(c) = 6*c - 22. Let u be w(19). Calculate the highest common factor of 8 and u.
4
Suppose 0 = -3*o - o. Suppose o = 5*n - n + 40. Let c be (-3072)/(-20) + (-4)/n. Calculate the greatest common divisor of c and 14.
14
Let g = 392 + -205. Let r(j) = j**2 + 11*j - 9. Let z be r(-13). What is the highest common divisor of g and z?
17
Let m(b) = -2*b**2 - 4*b - 3. Let j be m(-5). Let n = -377 + 354. Let s = n - j. Calculate the greatest common divisor of s and 40.
10
Let l = 1100 - 716. Calculate the greatest common factor of l and 6.
6
Let l(r) = -r**2 + 20. Let u be l(0). Let d = 34 - u. Let q be 125 + ((-9)/(-3) - 2). Calculate the highest common factor of d and q.
14
Let p(a) = 3*a - 5. Let c be p(6). Suppose -c*i - 3 = -14*i. Suppose 21 = i*q - 129. Calculate the highest common factor of q and 20.
10
Suppose 0 = 3*x - 5*s - 575, -s - s = 2. What is the greatest common divisor of x and 76?
38
Let p(q) be the first derivative of 4*q**3/3 - q + 2. Let g = 24 - 22. Let z be p(g). Calculate the greatest common divisor of 5 and z.
5
Suppose 3*p + p = 236. Suppose 2*h - p = -51. Let f(o) = -2*o**3 - 2*o**2 - o - 3. Let d be f(-3). Calculate th